7
Let s(h) = h**3 - 3*h**2 + 2*h. What is the remainder when 22 is divided by s(3)?
4
Let f(h) = h**2 - 4*h. Suppose 0*n - 54 = -3*n. What is the remainder when n/(-4)*(-6)/3 is divided by f(5)?
4
What is the remainder when 191 is divided by 2 - (-4 + (2 - 44))?
47
Let f(z) = -3*z + 17. Let s(k) = 16*k - 85. Let i(y) = 11*f(y) + 2*s(y). Let r be (12/7)/(1/7). What is the remainder when 8 is divided by i(r)?
3
Let o(i) = -9*i + 35. What is the remainder when o(-7) is divided by 17?
13
Let g(n) = -n**3 + 8*n**2 - 7*n + 10. Suppose -2*c + 0*w = -w - 34, -5*c - 3*w + 96 = 0. What is the remainder when c is divided by g(7)?
8
Let k(w) be the second derivative of w**3/2 + 2*w**2 - 6*w. Suppose 2*m = -5*d + 35, -2*m + 10 = d - m. What is the remainder when k(d) is divided by 10?
9
What is the remainder when 43 is divided by (2 - -21) + (-2 - 2/(-1))?
20
Let p(y) = 5*y + 7. Suppose -44 = -5*t - 2*c, t + 6 - 24 = -5*c. Calculate the remainder when p(3) is divided by t.
6
Suppose 0 = -3*w - 12 - 6. Let l = w + 13. What is the remainder when (0 + 10)/(2/l) is divided by 9?
8
Suppose l + 0*l - 4 = 0. Suppose 2*h - l = 6. Calculate the remainder when (-1080)/(-25) + (-1)/h is divided by 15.
13
Let o = -7 + 3. Suppose -b = s - 15, 0 = 3*b + 4*s - 29 - 19. Calculate the remainder when 33*(-3)/18*o is divided by b.
10
Suppose -3*l + 33 = -0*l. Calculate the remainder when l is divided by (-88)/(-132)*(-15)/(-2).
1
Let i be (3/6)/((-1)/(-4)). Suppose 9 = i*n + n. Suppose 5*d - 40 = -n*r, -r - 52 = -4*r - 2*d. Calculate the remainder when r is divided by 7.
6
Let v(k) = -8*k + 52. Let z(n) = n**2 + 6*n - 2. Calculate the remainder when z(-7) is divided by v(6).
1
Let a(k) = k**3 + k**2 + 3*k - 3. Suppose 3*c + 9 = 2*o - 55, 0 = -2*c - 4. What is the remainder when o is divided by a(2)?
14
Let a(i) = 3*i - 4. Suppose 2 - 6 = -v. Let h(g) = -g**3 + 5*g**2 + 5. What is the remainder when a(v) is divided by h(5)?
3
Suppose -2*p - 57 = -5*b, 5*b - 3*p - 77 + 24 = 0. Let v = -1 - -5. Suppose -v*c = s + 13 - 36, -s - 3*c = -19. Calculate the remainder when b is divided by s.
6
Let x(k) = -8*k + 83. Calculate the remainder when 48 is divided by x(8).
10
Let i = 91 - 78. Calculate the remainder when i is divided by 8.
5
What is the remainder when 16 is divided by -4 + (10 - 9/(-3))?
7
Let p = -4 + 15. Suppose 84 = 3*a - 2*m, 2*a + 3*m - 72 = -m. Suppose 0 = 4*t + t - a. What is the remainder when p is divided by t?
5
Let u = 7 + -4. Calculate the remainder when u/(45/(-6))*-20 is divided by 5.
3
Suppose -3*p - 30 = -6*p. Calculate the remainder when p is divided by 4.
2
Let h(l) = l**2 - 9*l + 6. What is the remainder when 28 is divided by h(10)?
12
Let h(p) = -16*p - 14. Calculate the remainder when h(-5) is divided by 23.
20
Let y = 12 - 9. Suppose 2*z = 4*b + 32, 4*z - 3*b - 55 = 2*b. What is the remainder when z is divided by y?
1
Let l = -6 + 36. What is the remainder when (3 + -120)*(5 - 6) is divided by l?
27
Calculate the remainder when (28 - -1) + 4 + 3 + -5 is divided by 16.
15
Let a = -2 + 2. Let g be 2*-10*36/(-15). Suppose -3*s - i + g = 2*s, -2*s - 4*i + 12 = a. What is the remainder when s is divided by 6?
4
Suppose -10*g = -4*g - 102. What is the remainder when g is divided by 4?
1
What is the remainder when 10/(-6)*-21 + -2 is divided by 12?
9
Let h = -2 - -5. Suppose -3*t + 5 = -n, -t - 3 = -3*n + 2*t. What is the remainder when n is divided by h?
1
Suppose -2*q = 5*z - 31, 3*z - 35 = -4*q - 8. Let t(f) = f + 8. Let n be t(-6). Suppose -n*x + x = -11. What is the remainder when x is divided by q?
2
Let h(w) = -w**2 + 7*w - 3. Let q be h(5). Suppose -q - 1 = -l. Calculate the remainder when 31 is divided by l.
7
Suppose -4*b + 8 = -2*b. Suppose -4 - 5 = -5*w - b*k, -k - 14 = -2*w. Suppose -265 - 40 = -w*q. Calculate the remainder when q is divided by 21.
19
Let v(z) = 1 - 5 + 2 - 3*z + 5*z**2 - 4*z**3 + 3*z**3. Suppose -10 = -s - s. What is the remainder when s is divided by v(4)?
1
Suppose -35 = -2*m + 2*o + o, -3*m + 5*o = -54. Calculate the remainder when (74/(-8))/((-1)/4) is divided by m.
11
Let n = -7 - -36. Let a be (5 - 2)*2/(-3). Calculate the remainder when n is divided by a - (-1)/(2/24).
9
Let p be (-38)/(-8) - 3/(-12). Suppose 95 = -0*i + p*i. What is the remainder when (148/8)/((-1)/(-2)) is divided by i?
18
Suppose 4*r + 7 - 79 = 0. Calculate the remainder when r is divided by 11.
7
Let p(d) = d**2 - 6*d - 3. Calculate the remainder when 5 is divided by p(7).
1
Suppose -3*m = -3*o + 5*o - 33, 5*o - 3*m = 30. Suppose -1 + 11 = 2*q. Let p(s) = -s**3 + 5*s**2 + 4*s + 5. Calculate the remainder when p(q) is divided by o.
7
Suppose x - 148 = -3*x. Suppose 5*j + 10 = -2*w + 4*w, j = 4*w - 20. Suppose 12 = 3*q, 2*q = 5*y + w*q - 77. Calculate the remainder when x is divided by y.
11
Let y = 9 - 4. Let j = -87 - -153. Suppose -y*s + j = 26. Calculate the remainder when 14 is divided by s.
6
Suppose 4*r - 48 = -r - 2*s, -r + 4*s = 8. Let m be (-80)/(-6) + (-4)/(-6). Let w = m - r. Calculate the remainder when 16 is divided by w.
4
Let v be -4*((-3)/(-6) - 3). Let d(y) = -y**3 + 11*y**2 - 9*y. What is the remainder when 28 is divided by d(v)?
8
Let l = -1 - -12. Let w = -7 + l. Suppose 2*u - 4*s - 12 = 0, -w*u + 4 = -0*u + 2*s. Calculate the remainder when u is divided by 2.
0
What is the remainder when -1*(-2 + 2) - -80 is divided by 14?
10
Let k = 3 + -2. Let x(p) = -p**2 - 6*p - 3. Let w be x(-4). Suppose -3*b - 2 = 4, -b - w = -3*f. Calculate the remainder when f is divided by k.
0
Let g be (21/(-2) + -2)*2. Let u be (10/g)/((-2)/(-10)). Let a(b) = -b**3 - b**2 + 2*b + 3. What is the remainder when 5 is divided by a(u)?
2
Suppose 4*q = -0*q + 56. Suppose q = -w + 2*w. Let t = -21 + 29. Calculate the remainder when w is divided by t.
6
Let s(d) = -d**3 + 5*d**2 + 2*d - 4. What is the remainder when s(-3) is divided by 16?
14
Let q = -26 - -35. What is the remainder when q is divided by (-10)/(-3)*6/4?
4
Suppose -2*a - 2 = -5*g - 25, 95 = 5*a - 5*g. What is the remainder when a is divided by 9?
6
Let s(u) = -2*u. Let a be (3/(-4))/(6/24). What is the remainder when 11 is divided by s(a)?
5
Let d = -16 + 10. What is the remainder when 4/((-4)/6*-3) is divided by (9/d + 2)*2?
0
Suppose 2*h + 0*h = 0. Suppose 4*p + p - 4*j - 37 = h, 10 = 5*j. What is the remainder when 17 is divided by p?
8
Suppose 0*c = -c - 2. Let o be (0 - 0)/(c/2). Suppose 5*m + o = 25. Calculate the remainder when m is divided by 2.
1
Let u = 9 - 0. Suppose v + u = 27. What is the remainder when 33 is divided by v?
15
Suppose 2*n = -0*n + 352. Suppose -5*m = i - n, 2 = i + 1. What is the remainder when m is divided by ((-6)/5)/(1/(-10))?
11
Let x = 66 + -28. Let n = x - 22. What is the remainder when n is divided by 9?
7
Let j = 6 - 4. Let f be (-2)/(-4)*(2 - j). Suppose -4 = -2*i - f. Calculate the remainder when i is divided by 2.
0
Suppose 82 = -5*v + 432. What is the remainder when v is divided by 18?
16
Suppose -504 = -15*l + 3*l. What is the remainder when l is divided by 9?
6
Let l(g) = -8*g**2 + 5*g - 1. Let u(y) = 7*y**2 - 6*y. Let j(t) = 6*l(t) + 7*u(t). Let v = 16 - -4. Calculate the remainder when v is divided by j(13).
6
Suppose 0 = -4*s + s - 15, s + 35 = 5*b. Let y(u) = u**3 - 4*u**2 + 3*u + 3. Calculate the remainder when y(4) is divided by b.
3
Suppose 3*n = -n + 96. Calculate the remainder when n is divided by (-39)/12*(2 + -6).
11
Let v = -10 + 18. Let b be (9/5)/((-9)/(-30)). Suppose 3*a - b*a = -66. What is the remainder when a is divided by v?
6
Let s = 106 + 9. What is the remainder when s is divided by 29?
28
Let p(k) = k**3 + 14*k**2 + 13*k + 15. Calculate the remainder when 44 is divided by p(-13).
14
Let v(q) = 4*q**2 + 3*q + 6. Calculate the remainder when v(5) is divided by 31.
28
Let r = 275 + -151. Calculate the remainder when r is divided by 9.
7
Suppose 3*s + 0*s - 15 = 0. What is the remainder when s is divided by 3?
2
Suppose -3*t - 12 = -3*b, -2*t = -3*b - 5*t + 6. Let j(u) = 2*u + 10. Calculate the remainder when j(-3) is divided by b.
1
Suppose 0 = -5*z + 3*z + 120. What is the remainder when z is divided by (-2 + 4)/(-2)*-16?
12
Calculate the remainder when 74 is divided by 12 - (-4 + -3 + 4).
14
Let c = 6 - -5. Calculate the remainde